s digit of 100210311?
2
What is the hundred thousands digit of 37179822?
1
What is the ten thousands digit of 11214502?
1
What is the thousands digit of 2538394259?
4
What is the thousands digit of 169794855?
4
What is the thousands digit of 3766738?
6
What is the tens digit of 350751926?
2
What is the hundred thousands digit of 5321763132?
7
What is the tens digit of 7374151906?
0
What is the hundred millions digit of 923212572?
9
What is the ten thousands digit of 2132774431?
7
What is the ten thousands digit of 9168954?
6
What is the units digit of 762197602?
2
What is the millions digit of 142801985?
2
What is the ten thousands digit of 202488269?
8
What is the tens digit of 1130098282?
8
What is the ten thousands digit of 138030423?
3
What is the ten thousands digit of 70592588?
9
What is the hundred thousands digit of 60905458?
9
What is the ten millions digit of 163424687?
6
What is the millions digit of 689610749?
9
What is the hundreds digit of 45578902?
9
What is the hundred thousands digit of 403728411?
7
What is the units digit of 806765140?
0
What is the hundreds digit of 50716646?
6
What is the hundred millions digit of 1045013458?
0
What is the thousands digit of 5518973512?
3
What is the hundreds digit of 222474876?
8
What is the hundreds digit of 45521190?
1
What is the units digit of 2298261548?
8
What is the units digit of 197142192?
2
What is the hundreds digit of 100673224?
2
What is the thousands digit of 3692059?
2
What is the ten millions digit of 138758426?
3
What is the millions digit of 50594106?
0
What is the hundred thousands digit of 5008354381?
3
What is the ten thousands digit of 153627146?
2
What is the tens digit of 2979063421?
2
What is the tens digit of 415846973?
7
What is the ten millions digit of 810122450?
1
What is the billions digit of 3544127264?
3
What is the ten thousands digit of 8419642?
1
What is the ten millions digit of 40437429?
4
What is the millions digit of 48940114?
8
What is the billions digit of 1550189568?
1
What is the units digit of 77817166?
6
What is the thousands digit of 1016866435?
6
What is the hundreds digit of 65561561?
5
What is the units digit of 371425695?
5
What is the thousands digit of 1677495795?
5
What is the hundred thousands digit of 35138952?
1
What is the tens digit of 513482535?
3
What is the ten thousands digit of 441426315?
2
What is the thousands digit of 295174512?
4
What is the ten thousands digit of 22666983?
6
What is the ten millions digit of 90568494?
9
What is the units digit of 760008803?
3
What is the millions digit of 140960144?
0
What is the tens digit of 32395823?
2
What is the hundred millions digit of 1024783824?
0
What is the ten millions digit of 93382326?
9
What is the millions digit of 1835663830?
5
What is the hundred thousands digit of 13811528?
8
What is the billions digit of 3449484937?
3
What is the ten millions digit of 47696896?
4
What is the hundred millions digit of 2226237374?
2
What is the tens digit of 1456267789?
8
What is the ten millions digit of 1432620751?
3
What is the tens digit of 1345545943?
4
What is the hundreds digit of 98964087?
0
What is the ten thousands digit of 3449054667?
5
What is the units digit of 2609435859?
9
What is the hundred millions digit of 4086884615?
0
What is the millions digit of 1879724380?
9
What is the tens digit of 5839933937?
3
What is the units digit of 1187138?
8
What is the ten millions digit of 60037296?
6
What is the tens digit of 1393908709?
0
What is the hundred millions digit of 945858190?
9
What is the millions digit of 80706778?
0
What is the hundreds digit of 6452453389?
3
What is the ten thousands digit of 60028274?
2
What is the thousands digit of 5173731754?
1
What is the ten millions digit of 511841851?
1
What is the hundred thousands digit of 128393704?
3
What is the hundreds digit of 62182701?
7
What is the hundred millions digit of 309742345?
3
What is the hundreds digit of 3604535466?
4
What is the hundreds digit of 842730267?
2
What is the units digit of 101927129?
9
What is the hundred millions digit of 286123419?
2
What is the hundreds digit of 114553578?
5
What is the hundreds digit of 2051628058?
0
What is the hundred millions digit of 152335163?
1
What is the thousands digit of 720707982?
7
What is the hundreds digit of 5881842707?
7
What is the units digit of 344115566?
6
What is the units digit of 83943797?
7
What is the ten thousands digit of 696383817?
8
What is the hundred thousands digit of 28990242?
9
What is the hundred millions digit of 335626750?
3
What is the hundreds digit of 4730069163?
1
What is the ten thousands digit of 406321364?
2
What is the ten thousands digit of 4163264730?
6
What is the hundred thousands digit of 156665674?
6
What is the tens digit of 5415204380?
8
What is the hundreds digit of 71024586?
5
What is the thousands digit of 182840245?
0
What is the ten millions digit of 167494250?
6
What is the millions digit of 28914412?
8
What is the hundred thousands digit of 30855797?
8
What is the ten thousands digit of 34835522?
3
What is the millions digit of 2459999?
2
What is the tens digit of 6897392?
9
What is the tens digit of 359744100?
0
What is the hundreds digit of 169304358?
3
What is the hundred thousands digit of 428138523?
1
What is the hundred thousands digit of 3516633288?
6
What is the ten millions digit of 98287945?
9
What is the millions digit of 155387411?
5
What is the hundred millions digit of 2307760254?
3
What is the tens digit of 122048154?
5
What is the tens digit of 1729607793?
9
What is the hundred thousands digit of 112728832?
7
What is the billions digit of 3744089151?
3
What is the thousands digit of 4804262890?
2
What is the ten millions digit of 852102784?
5
What is the ten millions digit of 65081249?
6
What is the tens digit of 250911919?
1
What is the thousands digit of 2445983044?
3
What is the ten thousands digit of 5615402925?
0
What is the millions digit of 46254740?
6
What is the units digit of 404661791?
1
What is the millions digit of 2472984058?
2
What is the millions digit of 4242750214?
2
What is the hundred millions digit of 710068015?
7
What is the millions digit of 851220713?
1
What is the tens digit of 134493675?
7
What is the billions digit of 7796562114?
7
What is the units digit of 936170622?
2
What is the hundred thousands digit of 171525493?
5
What is the hundred thousands digit of 849632984?
6
What is the thousands digit of 2087011016?
1
What is the hundred thousands digit of 36586459?
5
What is the hundred thousands digit of 655021279?
0
What is the tens digit of 17903544?
4
What is the millions digit of 992552957?
2
What is the tens digit of 134354404?
0
What is the billions digit of 3495821342?
3
What is the tens digit of 1116159025?
2
What is the hundred thousands digit of 2786559401?
5
What is the ten millions digit of 31345419?
3
What is the hundred millions digit of 173743046?
1
What is the millions digit of 134176394?
4
What is the ten thousands digit of 191982451?
8
What is the thousands digit of 25796416?
6
What is the ten millions digit of 2999429759?
9
What is the thousands digit of 430677688?
7
What is the hundred thousands digit of 93441542?
4
What is the ten thousands digit of 70944347?
4
What is the tens digit of 538789726?
2
What is the millions digit of 86874791?
6
What is the hundred thousands digit of 428328967?
3
What is the tens digit of 3948431169?
6
What is the millions digit of 257873978?
7
What is the hundred thousands digit of 14908683?
9
What is the ten thousands digit of 161722255?
2
What is the hundreds digit of 2660416631?
6
What is the thousands digit of 554579583?
9
What is the hundreds digit of 71126115?
1
What is the ten millions digit of 117500133?
1
What is the ten thousands digit of 338785320?
8
What is the billions digit of 3586884092?
3
What is the ten thousands digit of 983124841?
2
What is the tens digit of 42491797?
9
What is the hundred millions digit of 145640709?
1
What is the units digit of 9797085?
5
What is the ten millions digit of 926097414?
2
What is the thousands digit of 89030681?
0
What is the thousands digit of 28737928?
7
What is the millions digit of 187668488?
7
What is the ten thousands digit of 1106179186?
7
What is the ten tho